{"id":161,"date":"2015-09-29T19:57:21","date_gmt":"2015-09-29T19:57:21","guid":{"rendered":"https:\/\/ceeav.eba.ufmg.br\/wp\/?page_id=161"},"modified":"2023-08-24T00:20:13","modified_gmt":"2023-08-24T00:20:13","slug":"regulamento","status":"publish","type":"page","link":"https:\/\/ceeav.eba.ufmg.br\/?page_id=161","title":{"rendered":"Regulamento"},"content":{"rendered":"<p><strong>REGULAMENTO DO CURSO DE ESPECIALIZA\u00c7\u00c3O EM ENSINO DE ARTES VISUAIS, MODALIDADE A DIST\u00c2NCIA<\/strong>:<\/p>\n<p>&nbsp;<\/p>\n<blockquote><p><a href=\"https:\/\/ceeav.eba.ufmg.br\/wp-content\/uploads\/2023\/08\/REGULAMENTO-CEEAV-PPGArtes-EBA-UFMG-2023-2025_Aprovado-pela-PRPG-em-25-05-2023.pdf\">REGULAMENTO CEEAV PPGArtes EBA UFMG 2023-2025_Aprovado pela PRPG em 25-05-2023<\/a><\/p><\/blockquote>\n<hr \/>\n","protected":false},"excerpt":{"rendered":"<p>REGULAMENTO DO CURSO DE ESPECIALIZA\u00c7\u00c3O EM ENSINO DE ARTES VISUAIS, MODALIDADE A DIST\u00c2NCIA: &nbsp; REGULAMENTO CEEAV PPGArtes EBA UFMG 2023-2025_Aprovado pela PRPG em 25-05-2023<\/p>\n","protected":false},"author":2,"featured_media":0,"parent":4,"menu_order":0,"comment_status":"closed","ping_status":"closed","template":"","meta":{"footnotes":""},"class_list":["post-161","page","type-page","status-publish","hentry"],"_links":{"self":[{"href":"https:\/\/ceeav.eba.ufmg.br\/index.php?rest_route=\/wp\/v2\/pages\/161","targetHints":{"allow":["GET"]}}],"collection":[{"href":"https:\/\/ceeav.eba.ufmg.br\/index.php?rest_route=\/wp\/v2\/pages"}],"about":[{"href":"https:\/\/ceeav.eba.ufmg.br\/index.php?rest_route=\/wp\/v2\/types\/page"}],"author":[{"embeddable":true,"href":"https:\/\/ceeav.eba.ufmg.br\/index.php?rest_route=\/wp\/v2\/users\/2"}],"replies":[{"embeddable":true,"href":"https:\/\/ceeav.eba.ufmg.br\/index.php?rest_route=%2Fwp%2Fv2%2Fcomments&post=161"}],"version-history":[{"count":3,"href":"https:\/\/ceeav.eba.ufmg.br\/index.php?rest_route=\/wp\/v2\/pages\/161\/revisions"}],"predecessor-version":[{"id":1926,"href":"https:\/\/ceeav.eba.ufmg.br\/index.php?rest_route=\/wp\/v2\/pages\/161\/revisions\/1926"}],"up":[{"embeddable":true,"href":"https:\/\/ceeav.eba.ufmg.br\/index.php?rest_route=\/wp\/v2\/pages\/4"}],"wp:attachment":[{"href":"https:\/\/ceeav.eba.ufmg.br\/index.php?rest_route=%2Fwp%2Fv2%2Fmedia&parent=161"}],"curies":[{"name":"wp","href":"https:\/\/api.w.org\/{rel}","templated":true}]}}